40*b + 214. Let n be w(-37). Let v = n - r. What is the highest common factor of 13 and v?
13
Let a be (-2)/(-6) - (-21)/(-9). Let s be 0 - (1 - (6 + a)). Suppose 0 = -13*m + 164 + 31. Calculate the greatest common divisor of s and m.
3
Suppose -354 = 10*x - 2174. Let j = -179 + x. What is the highest common factor of j and 57?
3
Let l be 159 + -159 + 1558 + 0. What is the highest common factor of 76 and l?
38
Suppose -26 + 5 = -3*p. Let h = p + -5. Let j be 616/34 - 18/153. Calculate the highest common divisor of j and h.
2
Suppose 5*d = 113 + 262. Suppose -p - 72 = -d. Suppose 0*f = p*f - 195. Calculate the highest common divisor of 26 and f.
13
Suppose 0 = 5*m - 4*f - 142, -4*m + 81 = -3*f - 33. Suppose -n = 3*i - 137, 5*i - 53 = 4*n + 113. Calculate the highest common factor of m and i.
6
Let o(j) = -30*j**2 + 451*j - 219. Let y be o(12). What is the highest common divisor of y and 776?
97
Let k be 5130 + (-5)/1 + 5. Suppose 2*i = 17*i - k. What is the greatest common factor of i and 38?
38
Let m = -623 + 980. What is the greatest common divisor of 189 and m?
21
Let p(o) = 420*o**2 - o + 1. Let j be p(1). Suppose -2*y - 2*v = -14, -295*v - 41 = -5*y - 298*v. Calculate the highest common divisor of j and y.
10
Let l = 51 - 592. Let u = l + 622. What is the highest common divisor of u and 108?
27
Let d(p) = p**2 - 9*p + 8. Let m be d(6). Let r be (0 - 40)*32/m. Suppose -12*k = -14293 + 13909. What is the highest common divisor of r and k?
32
Let u = 436 + 465. Calculate the greatest common factor of 212 and u.
53
Let h be ((-1)/2)/((-9)/(-54)). Let f be (60/14)/(h/(-14)). Suppose f*n - 540 = 10*n. What is the highest common factor of n and 6?
6
Let p = 28 + -31. Let f be (-8)/p*(-462)/(-44). Suppose -2*v = 2*v - f. Calculate the greatest common divisor of 63 and v.
7
Suppose -144 + 4 = -14*r. Calculate the highest common factor of r and 2425.
5
Let f = -347 - -451. Suppose 2*h + 62 = 2*t, 0 = 3*t + 5*h - 101 - 0. What is the greatest common factor of f and t?
8
Let b(z) = 6*z**2 - 89*z - 905. Let a be b(-10). Calculate the greatest common divisor of a and 715.
65
Suppose r + 16 = p - 0, -2*p = -4*r - 42. Suppose -8*i - 1877 = -37*i + 675. What is the highest common factor of i and p?
11
Let t(r) = r**2 + 28*r - 529. Let g be t(-47). What is the highest common divisor of 1196 and g?
52
Suppose -2*c = -2*s - 12, -7*c = -9*c + 3*s + 7. Let g = -68 + 72. Let z be 4310/30 - g/6. What is the highest common divisor of z and c?
11
Let m = 1 - -9. Suppose 51 = 2*x - 51. Let u = x - 41. What is the greatest common factor of m and u?
10
Suppose j + j = 4*i + 146, -2*j + 111 = 3*i. Suppose 0 = -82*l + 38 + 208. Suppose l*r - j = -30. What is the highest common divisor of 22 and r?
11
Suppose -2*i = 5 - 41. Let t(s) = 3*s**3 - 17*s**2 + 51*s - 333. Let h be t(6). Calculate the highest common divisor of h and i.
9
Suppose 0 = 4*r - 203 - 629. Let o = -132735 + 132891. Calculate the greatest common factor of r and o.
52
Let y = -12 + 20. Suppose -y*u = 674 - 1890. What is the greatest common factor of u and 380?
76
Suppose -14*q = -16*q + 4. Suppose 5*t = 6*i - 2*i - 631, 2*t = -q*i + 302. What is the highest common divisor of 14 and i?
14
Let i be 92/(-44) + 2 + 87153/363. What is the greatest common divisor of 270 and i?
30
Let o = -181229 + 181242. Suppose 0*r - 2*r + 6 = 0. Suppose 0 = 4*p - r*u - 428, -2*u - 436 = -4*p + 3*u. What is the greatest common factor of o and p?
13
Let t be 3/(-48) + (-9526)/(-352). Calculate the highest common divisor of 1755 and t.
27
Suppose -46*t = -241*t - 99*t + 18228. Calculate the highest common divisor of 8153 and t.
31
Suppose 69*p - 320 = -5*a + 74*p, 3*a - 2*p - 192 = 0. Calculate the greatest common factor of 13 and a.
1
Suppose 100832 = -55*v - 52*v + 719399. What is the greatest common divisor of v and 282?
141
Let o be ((-27)/12)/((-1)/8). Let v(j) = 20*j - 219. Let d be v(15). Let w = -72 + d. What is the greatest common factor of o and w?
9
Suppose v = 0, c - 2*c = 2*v - 5. Let x(n) = 2*n**2 - c*n - 3 + 21*n - 1 - 12*n. Let y be x(-4). What is the greatest common divisor of 132 and y?
12
Suppose -j = -3*j + 80. Let a be (-22)/121 + j/(-22). Let o be (8*3)/(-4)*a. Calculate the highest common factor of o and 60.
12
Suppose -17*i - 2*i = -815 - 838. What is the greatest common divisor of i and 7337?
29
Suppose 4*x + 275 = -201. Let q(l) = -236*l**3 + l**2 - 1. Let w be q(-1). Let j = w + x. What is the greatest common factor of j and 13?
13
Let a be (8 + 3 + -13)*13/(-1). Suppose 2*n - 4*f = a, 3*f + 20 = -2*f. Let w(t) = t**2 - 7*t - 6. Let b be w(8). What is the highest common divisor of n and b?
1
Let x = -43842 + 43858. What is the greatest common factor of x and 288?
16
Let x = -359 + 376. Suppose x*z - 2926 = -2*z. Calculate the greatest common divisor of z and 42.
14
Let l = 5236 - 1942. Calculate the highest common factor of 72 and l.
18
Suppose -9219*p = -9265*p + 5888. Calculate the greatest common divisor of 864 and p.
32
Suppose -17945 = 10*w - 10703 - 51772. What is the greatest common divisor of w and 73?
73
Suppose -6*r = 3*r + 6*r - 255. Calculate the highest common factor of 4607 and r.
17
Let v(w) = 18*w**3 - 199*w**2 + 8*w + 78. Let o be v(11). What is the highest common divisor of 3042 and o?
9
Let k be (-3)/(-1)*4/(-36)*-21. Let a be 2/8*(k - -5). Suppose a*i - z - 216 = 109, 4*i = 4*z + 420. What is the highest common divisor of 10 and i?
10
Suppose 4*o - 55 + 215 = 0. Let f be 74/10 - (344/o + 8). Calculate the highest common divisor of f and 392.
8
Let i = 12192 - 12071. Calculate the greatest common divisor of 9196 and i.
121
Let b(z) = 48 + 12*z - 2*z + 5*z - 35*z. Let h be b(-3). What is the greatest common factor of 126 and h?
18
Let c be (2 + -13 - -3) + (-5100)/(-75). Calculate the highest common divisor of 1296 and c.
12
Suppose 0 = c - 7. Let j be c + (4 - 3 - 0). Let b be ((-72)/(-3))/(105/(-40) - -3). What is the highest common divisor of j and b?
8
Suppose -4*y + 6 = -130. Let h = y + -11. Let l be ((-365)/10 - -2)/((-36)/264). Calculate the highest common divisor of l and h.
23
Let i be (-33)/99 + (-8107)/(-3). Calculate the highest common factor of i and 14.
14
Suppose 2*l - a = -2411, 7424 - 1401 = -5*l + a. Let s be -1*3*(l/6)/1. What is the highest common divisor of s and 86?
86
Suppose 162*b - 21294 = 13*b + 18489. Calculate the highest common factor of b and 1513.
89
Let v(l) = l**2 - 7*l + 11. Let b be v(7). Suppose -4*h + b*h = 875. What is the greatest common factor of h and 75?
25
Suppose 3*w + 3*u - 3051 = 0, 78*u = -4*w + 71*u + 4050. Suppose 5*p = 155 + 10. What is the greatest common divisor of p and w?
33
Let y = -268 - -264. Let p be 6*(1/y - (-996)/144). Calculate the highest common factor of p and 15.
5
Let o(h) be the third derivative of 19*h**6/120 - h**5/60 - h**4/24 - h**3 + 112*h**2. Let r be o(3). Calculate the greatest common divisor of r and 45.
45
Suppose 43*c - 2884645 = -1007384 + 1706187. What is the greatest common divisor of c and 22?
22
Let j(w) = 300*w - 1155. Let y be j(4). Let u(s) = 6*s**2 - 6*s + 3. Let i be u(4). What is the highest common factor of y and i?
15
Let n be (-309)/(-9) - 9/27. Let f be n/(-10) + 4 - (-2197)/5. Calculate the highest common divisor of 44 and f.
44
Suppose 4*t + 3*s + 7 = 0, 0 = -2*s - 10. Suppose 0 = -2*i + t*b + 544, b + 1046 + 314 = 5*i. Calculate the greatest common divisor of 204 and i.
68
Suppose 4*z - 3*c - 16 = 3*z, 2*c + 10 = 0. Let w be (6 - 9) + 8 + z. Suppose w*d = 624 - 174. Calculate the highest common divisor of 30 and d.
15
Let d(s) = -64*s + 17. Let u be d(-1). What is the greatest common divisor of 45 and u?
9
Let p be (-18)/(-4)*672/18. Let h = 9423 - 9416. What is the greatest common divisor of h and p?
7
Suppose 4*l = 3 + 21. Suppose l + 1 = -m. Let q be (-27)/(-45) + m/(-5). Calculate the highest common factor of 14 and q.
2
Let k = 9347 - 9343. Calculate the highest common divisor of k and 10444.
4
Suppose 50 = a + 57, -2*u = a - 3713. What is the greatest common divisor of u and 84?
12
Let n(j) = -j**3 - 9*j**2 - 45*j + 2. Let u be n(-6). Let c = 165 - u. What is the greatest common divisor of 32 and c?
1
Let c = 61492 + -61478. Suppose 57 + 237 = 3*f. Calculate the highest common